ds digit of 10931559?
5
What is the tens digit of 106868?
6
What is the hundred thousands digit of 758179?
7
What is the units digit of 697093?
3
What is the units digit of 265715?
5
What is the units digit of 8350819?
9
What is the units digit of 350197?
7
What is the hundred thousands digit of 275009?
2
What is the ten thousands digit of 10409243?
0
What is the ten thousands digit of 4686986?
8
What is the hundred thousands digit of 123697?
1
What is the hundreds digit of 398370?
3
What is the ten thousands digit of 16559?
1
What is the hundreds digit of 226377?
3
What is the tens digit of 219662?
6
What is the thousands digit of 149258?
9
What is the hundreds digit of 971669?
6
What is the hundreds digit of 289666?
6
What is the tens digit of 18817819?
1
What is the thousands digit of 818866?
8
What is the hundreds digit of 225155?
1
What is the thousands digit of 3251179?
1
What is the ten thousands digit of 535839?
3
What is the units digit of 2908526?
6
What is the ten millions digit of 21251721?
2
What is the units digit of 8945898?
8
What is the hundred thousands digit of 22968697?
9
What is the tens digit of 293281?
8
What is the hundreds digit of 2691745?
7
What is the thousands digit of 67469?
7
What is the ten thousands digit of 5289749?
8
What is the hundreds digit of 1852507?
5
What is the hundreds digit of 72155?
1
What is the tens digit of 157480?
8
What is the units digit of 81002?
2
What is the tens digit of 4694810?
1
What is the hundreds digit of 8893968?
9
What is the hundreds digit of 214904?
9
What is the units digit of 317417?
7
What is the units digit of 73494?
4
What is the units digit of 773323?
3
What is the units digit of 10520851?
1
What is the hundred thousands digit of 2603012?
6
What is the thousands digit of 2365227?
5
What is the units digit of 702426?
6
What is the units digit of 1611743?
3
What is the units digit of 8465344?
4
What is the hundreds digit of 13196766?
7
What is the units digit of 196917?
7
What is the millions digit of 10970652?
0
What is the thousands digit of 60787?
0
What is the ten thousands digit of 760911?
6
What is the tens digit of 146294?
9
What is the thousands digit of 8414872?
4
What is the units digit of 341723?
3
What is the hundred thousands digit of 397293?
3
What is the ten thousands digit of 325694?
2
What is the hundreds digit of 1288556?
5
What is the tens digit of 2295302?
0
What is the hundred thousands digit of 18179113?
1
What is the units digit of 977508?
8
What is the millions digit of 2249020?
2
What is the thousands digit of 788953?
8
What is the hundred thousands digit of 1071357?
0
What is the tens digit of 1397244?
4
What is the hundred thousands digit of 297385?
2
What is the units digit of 142090?
0
What is the ten thousands digit of 213937?
1
What is the units digit of 6692779?
9
What is the tens digit of 301891?
9
What is the tens digit of 642338?
3
What is the hundred thousands digit of 906458?
9
What is the tens digit of 14320239?
3
What is the thousands digit of 144722?
4
What is the ten thousands digit of 1321030?
2
What is the ten thousands digit of 11855103?
5
What is the thousands digit of 54178?
4
What is the hundreds digit of 502887?
8
What is the hundred thousands digit of 991388?
9
What is the units digit of 173485?
5
What is the tens digit of 22199102?
0
What is the thousands digit of 33237?
3
What is the thousands digit of 4581198?
1
What is the tens digit of 13821118?
1
What is the tens digit of 18200?
0
What is the units digit of 504681?
1
What is the tens digit of 5745105?
0
What is the tens digit of 1470714?
1
What is the thousands digit of 1320213?
0
What is the thousands digit of 4904415?
4
What is the hundred thousands digit of 512496?
5
What is the hundred thousands digit of 784919?
7
What is the units digit of 13027274?
4
What is the thousands digit of 6934531?
4
What is the units digit of 1161900?
0
What is the units digit of 135456?
6
What is the ten thousands digit of 1156880?
5
What is the hundreds digit of 196485?
4
What is the units digit of 158886?
6
What is the tens digit of 5493469?
6
What is the millions digit of 11283948?
1
What is the ten thousands digit of 1366588?
6
What is the tens digit of 38255?
5
What is the ten thousands digit of 1006311?
0
What is the units digit of 675762?
2
What is the hundred thousands digit of 25281023?
2
What is the hundreds digit of 768697?
6
What is the tens digit of 525989?
8
What is the ten thousands digit of 299890?
9
What is the ten thousands digit of 204732?
0
What is the thousands digit of 2955863?
5
What is the millions digit of 1367374?
1
What is the hundreds digit of 155279?
2
What is the thousands digit of 1879263?
9
What is the thousands digit of 651068?
1
What is the millions digit of 9176763?
9
What is the tens digit of 1020969?
6
What is the tens digit of 6203061?
6
What is the hundreds digit of 13957478?
4
What is the ten millions digit of 10341346?
1
What is the tens digit of 1388204?
0
What is the hundreds digit of 1056106?
1
What is the millions digit of 3263773?
3
What is the thousands digit of 2226323?
6
What is the ten thousands digit of 49761?
4
What is the ten thousands digit of 3128162?
2
What is the hundred thousands digit of 884152?
8
What is the thousands digit of 2339540?
9
What is the tens digit of 161126?
2
What is the ten thousands digit of 6786415?
8
What is the thousands digit of 21664054?
4
What is the hundred thousands digit of 741793?
7
What is the millions digit of 1841297?
1
What is the tens digit of 1747133?
3
What is the hundred thousands digit of 169127?
1
What is the ten thousands digit of 36206849?
0
What is the thousands digit of 284959?
4
What is the ten thousands digit of 201999?
0
What is the hundred thousands digit of 4051942?
0
What is the hundreds digit of 171346?
3
What is the thousands digit of 1623723?
3
What is the tens digit of 4543?
4
What is the ten thousands digit of 141078?
4
What is the units digit of 1079261?
1
What is the hundreds digit of 8584299?
2
What is the hundred thousands digit of 4562143?
5
What is the hundreds digit of 28345?
3
What is the tens digit of 1907644?
4
What is the tens digit of 1023774?
7
What is the tens digit of 503754?
5
What is the hundreds digit of 392551?
5
What is the units digit of 268426?
6
What is the hundreds digit of 8279866?
8
What is the thousands digit of 270387?
0
What is the units digit of 1233595?
5
What is the ten thousands digit of 100696?
0
What is the hundreds digit of 735530?
5
What is the thousands digit of 933749?
3
What is the units digit of 555190?
0
What is the units digit of 228263?
3
What is the hundreds digit of 2188518?
5
What is the units digit of 242782?
2
What is the hundred thousands digit of 9787184?
7
What is the hundred thousands digit of 4537594?
5
What is the units digit of 154309?
9
What is the thousands digit of 1875649?
5
What is the millions digit of 8633387?
8
What is the hundred thousands digit of 516839?
5
What is the millions digit of 6528952?
6
What is the units digit of 551554?
4
What is the ten thousands digit of 493344?
9
What is the thousands digit of 1566106?
6
What is the hundred thousands digit of 499554?
4
What is the units digit of 261232?
2
What is the tens digit of 173937?
3
What is the tens digit of 17452666?
6
What is the ten thousands digit of 428468?
2
What is the ten thousands digit of 521978?
2
What is the hundreds digit of 34358940?
9
What is the millions digit of 2984848?
2
What is the ten thousands digit of 7313574?
1
What is the tens digit of 266094?
9
What is the millions digit of 5273759?
5
What is the hundreds digit of 920090?
0
What is the hundreds digit of 921194?
1
What is the ten thousands digit of 528137?
2
What is the ten thousands digit of 174418?
7
What is the units digit of 525130?
0
What is the hundreds digit of 5491662?
6
What is the units digit of 239872?
2
What is the hundreds digit of 32525?
5
What is the thousands digit of 13724316?
4
What is the thousands digit of 180542?
0
What is the units digit of 11985408?
8
What is the ten thousands digit of 5837489?
3
What is the thousands digit of 1962501?
2
What is the millions digit of 2358379?
2
What is the units digit of 1180852?
2
What is the hundreds digit of 24480852?
8
